o(v). Let h = -7 - b. List the prime factors of h.
2, 23
Suppose -3 = 2*f - 13. Suppose 0 = 5*p - 5*j - 5, 6*j + 1 = 5*p + f*j. What are the prime factors of (p + 40 - 2) + -2?
2, 3
List the prime factors of (-131)/(0 - (-1)/(-3)).
3, 131
Suppose -1662 = -7*v + v. List the prime factors of v.
277
Suppose -11*v + 1558 = -4327. What are the prime factors of v?
5, 107
Suppose -36*t = -34*t - 924. What are the prime factors of t?
2, 3, 7, 11
Suppose -4*b = i - 987, -11*i + 7*i = -4*b + 1012. What are the prime factors of b?
2, 31
Let v = -420 + 927. List the prime factors of v.
3, 13
Suppose -45045 = -11*l - 2*l. What are the prime factors of l?
3, 5, 7, 11
Let o(d) = -11*d**2 - 6*d + 17. Let c(n) = 10*n**2 + 6*n - 18. Let s(p) = -3*c(p) - 4*o(p). What are the prime factors of s(3)?
2, 5, 13
Let t(y) = -y**3 + 9*y**2 + 76*y + 1. What are the prime factors of t(13)?
313
Suppose 3*i + 3*h = 2*h + 1738, 3*h = 12. List the prime factors of i.
2, 17
Let w(m) = -4*m - 54. Let j be w(-14). Suppose -102 = -o + 4*v + 165, -1017 = -4*o - v. Suppose o = 3*d + j*d. What are the prime factors of d?
3, 17
Let i(h) = -h + 31. Let a be i(0). Suppose 2 - 8 = -3*v. Suppose -2*s + v*o + a = 3*o, 4*s = -3*o + 63. What are the prime factors of s?
3, 5
Let f = -12 - -16. Suppose 223 - 79 = -f*v. Let x = -16 - v. What are the prime factors of x?
2, 5
Let y(b) = -b**3 + b**2 - b - 13. Let j be y(0). Let c = j - -18. Suppose -c*f - 3*g - g = -205, -2*g + 158 = 4*f. What are the prime factors of f?
37
What are the prime factors of (-111488)/(-144) - (-2)/(-9)?
2, 3, 43
Suppose -5 = 2*x - x. Let s(y) = -3*y**2 - 3*y. Let c be s(x). Let g = -34 - c. List the prime factors of g.
2, 13
Suppose 5*v = i + 1467, 4*v + 0*v + 2*i = 1168. Suppose 4*s = 4*h - h - 451, -v = -2*h - 5*s. List the prime factors of h.
149
Let y be 5/((-25)/10) + (541 - 0). Let d = y - 375. List the prime factors of d.
2, 41
Let z = -3 - -7. Suppose 6*x + 6 = z*x. What are the prime factors of (8/(-6)*x)/2?
2
Suppose -3*u = -27 - 171. Suppose -180 = 6*l - l. Let v = l + u. What are the prime factors of v?
2, 3, 5
Suppose -5*t - 3*l = l - 285, 227 = 4*t + 3*l. Let w = t - 34. What are the prime factors of w?
19
Suppose -2*o = 3*d - o - 3166, 1074 = d + 5*o. List the prime factors of d.
2, 17, 31
Let r(s) = 8*s**3 + 2*s**2 - s. Let v be -2 + 4 - (6 + -4). Suppose v*i - 1 = -i. What are the prime factors of r(i)?
3
Let j(q) be the first derivative of q**4/4 - 2*q**3 + 3*q**2/2 + 11*q - 16. List the prime factors of j(7).
3
Let l = -2 - -3. Let z be l*(0/2 - -2). Suppose -z*i + 30 = -30. List the prime factors of i.
2, 3, 5
Suppose -5*q + 1608 = -3*j, -20*q + 22*q = 4*j + 632. What are the prime factors of q?
2, 3
Let k(l) = -2*l**2 + 35*l - 17. Let v be k(17). Suppose -4*s + 9*s = -2*r + 129, v = -4*r - 2*s + 266. List the prime factors of r.
67
Suppose 5*d + x - 7037 = 0, 4*d - x = x + 5624. What are the prime factors of d?
3, 7, 67
Let l be 1*3/(-3)*-59. Let s = -31 + l. List the prime factors of s.
2, 7
Let b(q) = -17*q + 11. Let a(l) = 9*l - 6. Suppose 0 = -3*n + 6*n + 12. Let i(y) = n*b(y) - 7*a(y). List the prime factors of i(8).
2, 19
Let o(c) = 5*c + 6. Let i be o(5). Suppose -13*t + 10*t + 54 = 0. Let w = i - t. What are the prime factors of w?
13
Suppose -72 = -5*i + 1093. Suppose -4*y + i = 57. List the prime factors of y.
2, 11
Suppose 0 = -5*r - 48 + 793. Let y = r + -92. Suppose -y = -4*u - 9. What are the prime factors of u?
2, 3
Let p(m) be the third derivative of m**5/60 + m**4/2 - 6*m**3 - 18*m**2. List the prime factors of p(-17).
7
Suppose -x - 2*v + 55 = -3*v, 0 = 4*x + 2*v - 196. Suppose 119 = 4*o + o - l, x = 2*o + 3*l. List the prime factors of (-4)/6 + 1048/o.
43
Let h(m) = -m**2 + 14*m + 192. List the prime factors of h(22).
2
Let p = -24 - -14. Let t = 16 - p. Suppose 0*s + t = s. What are the prime factors of s?
2, 13
Suppose 2*m = 14 + 22. List the prime factors of m/(-12)*228/(-9).
2, 19
Let f(v) be the third derivative of -43*v**4/12 - 61*v**3/6 - 23*v**2. List the prime factors of f(-4).
283
Suppose -1295 - 709 = -6*b. Suppose b + 777 = 11*h. List the prime factors of h.
101
Let n = 4 + -5. Let h(a) = a + 1. Let v(u) = 2*u + 17. Let r(x) = n*h(x) + v(x). What are the prime factors of r(0)?
2
Suppose -2*x - 1 = 3. Let s be 0 + 5 + x + -3. Suppose -m + 12 = c, s = -3*c + 9. What are the prime factors of m?
3
Suppose 2*b - 50 = -3*b. Let n(c) = -c**2 + 16*c + 8. What are the prime factors of n(b)?
2, 17
Suppose -4668 = -3*h - 2*c, 5949 = 4*h + 3*c - 274. List the prime factors of h.
2, 19, 41
Let u be 1/(128/44 + -3). Let z = u - -8. Let v = 50 - z. What are the prime factors of v?
53
Suppose -2008 = 3*h - 7561. What are the prime factors of h?
3, 617
Let z = -1101 - -1964. What are the prime factors of z?
863
Let x = -521 + 524. Let g(d) = 6*d**2 + d - 1. Let q be g(-2). Suppose r = -x + q. List the prime factors of r.
2, 3
Let g = -9 + 13. Suppose -c + 5 = g*c. List the prime factors of 62/2 + (-1)/c.
2, 3, 5
What are the prime factors of (-12512)/(-102) - 2/6*-1?
3, 41
Let v(k) = 2*k - 8. Let r be v(7). Let l(c) = -2*c**2 + 8*c - 3. Let a be l(r). Let f = a + 62. List the prime factors of f.
5, 7
Let t = 3 + -1. Let q be 89/3 + 1/3. Suppose -q = t*z - 5*z. What are the prime factors of z?
2, 5
Suppose 0 = 4*o + 4, -4*j + 14439 = -15*o + 20*o. List the prime factors of j.
23, 157
Let r = -44 - -46. Suppose 0 = s - 4*j - 47, r*s - j - 17 = 49. List the prime factors of s.
31
Let o = -229 - -51. Let n = -104 - o. What are the prime factors of n?
2, 37
Let u = 17 + -13. Suppose -h = -5*j - 65, -5*j + 445 = u*h + h. Suppose 4*q - 3*m = h, 6 - 16 = -2*m. List the prime factors of q.
5
Suppose u - 112 = 5*u. Let g be 1/(-2) + u/8. What are the prime factors of (g - 6)/((-1)/1)?
2, 5
Let k(g) = 2*g**2 + 5*g - 16. Let n be k(2). Suppose n*x - 15 = -3*t + 49, 0 = -3*t + 12. List the prime factors of x.
2, 13
Suppose 91 - 31 = 2*q. List the prime factors of ((-108)/q)/(-9) - 283/(-5).
3, 19
List the prime factors of (8/12)/((-5)/15) - -731.
3
Let w be (1 + 1)*(6 - 5). Suppose -2*i - 1 = -5*r + 2*r, 4 = 2*i + w*r. Suppose -g - 4 + i = 0, -3*t = 3*g - 108. List the prime factors of t.
3, 13
Suppose -2*o + o + 331 = -4*m, 3*m = -2*o + 673. Suppose -4*w = -4*c - 162 - 198, o = 4*w + c. What are the prime factors of w?
5, 17
Suppose -4*c = -188 - 172. Suppose 11*t - c = 6*t. List the prime factors of t.
2, 3
List the prime factors of 6846/84*3*2.
3, 163
Let o = 738 - 472. List the prime factors of o.
2, 7, 19
Let x(s) = 31*s**2 + 77*s - 3. What are the prime factors of x(-5)?
3, 43
Suppose t + 2*t - j - 1441 = 0, 0 = 3*t - 5*j - 1433. List the prime factors of t.
13, 37
Suppose 17 = -2*n + 31. Suppose 5*l - 105 + n = -3*m, 0 = -2*m + 4*l + 80. List the prime factors of m.
2, 3
Let a(x) = 4*x**2 + 13*x + 70. What are the prime factors of a(10)?
2, 3, 5
Suppose -9*d + 12*d - 60 = 0. Suppose -6*w = -11*w - d. Let m = w - -13. List the prime factors of m.
3
Let o(s) = 112*s + 215. List the prime factors of o(13).
3, 557
Let b = -2000 - -5961. List the prime factors of b.
17, 233
Suppose -2*y = -36 - 28. List the prime factors of y.
2
Let p(h) = -h**3 + 4*h**2 + 6*h + 1. Suppose -10 = 6*j - 34. What are the prime factors of p(j)?
5
Let g(y) be the first derivative of 3*y**4/4 - 2*y**2 + 3*y + 13. List the prime factors of g(2).
19
Suppose -4*u + n = -5*u + 1026, -3*u + n + 3074 = 0. List the prime factors of u.
5, 41
Suppose 16 + 8 = 2*v. Let h = 47 - v. What are the prime factors of h?
5, 7
List the prime factors of (-161)/(-46) + 4258/4.
2, 3, 89
What are the prime factors of -4 - -4 - (-378)/(1/1)?
2, 3, 7
Suppose 0*h + 2*z + 108 = 2*h, 0 = 5*h - 3*z - 260. Suppose -5*x = -b - 8, h = -4*b + 6*b + 3*x. List the prime factors of b.
17
Let i = 110 + 44. Suppose 5*d = 5*a + 520, 4*a + 3*d = 6*a + 213. Let r = i + a. What are the prime factors of r?
5, 11
Suppose 3*g = -4*s - 7, -2*g - 2*s + 2 - 4 = 0. Let n be (g - (8 - 3))*-1. Suppose 58 = n*t + 2*i, i + 3 = 4*i. List the prime factors of t.
2, 7
Suppose -2*x + 1158 = 198. What are the prime factors of x?
2, 3, 5
Let p(j) = -5 - 2*j - 1 - 2*j + 1. Let r be p(-2). Suppose -r*v + 144 = -3*d, -v + 40 + 14 = 2*d. List the prime factors of v.
2, 5
